onvert -15 (base 7) to base 14.
-c
14 (base 13) to base 16
11
-2 (base 7) to base 11
-2
What is -d (base 14) in base 10?
-13
Convert 2 (base 15) to base 14.
2
What is -10120 (base 3) in base 12?
-80
Convert 0 (base 11) to base 4.
0
What is b1 (base 12) in base 16?
85
1121 (base 3) to base 8
53
What is -105 (base 7) in base 11?
-4a
Convert -11 (base 3) to base 8.
-4
Convert -423 (base 5) to base 3.
-11012
What is 11 (base 10) in base 11?
10
Convert 10 (base 5) to base 7.
5
What is 15 (base 15) in base 5?
40
What is -4 (base 6) in base 5?
-4
1 (base 10) to base 2
1
What is a (base 14) in base 11?
a
What is -15 (base 13) in base 3?
-200
What is -1 (base 4) in base 10?
-1
Convert 0 (base 9) to base 11.
0
-5 (base 8) to base 16
-5
What is -113 (base 4) in base 2?
-10111
310 (base 4) to base 8
64
What is 4 (base 16) in base 5?
4
25 (base 11) to base 8
33
Convert -1002 (base 3) to base 5.
-104
-1 (base 13) to base 12
-1
-4a (base 13) to base 16
-3e
Convert a (base 16) to base 10.
10
12101 (base 3) to base 4
2101
Convert 1 (base 4) to base 5.
1
What is 8 (base 16) in base 11?
8
-101010 (base 2) to base 13
-33
What is 100 (base 5) in base 3?
221
1100 (base 2) to base 6
20
Convert -2 (base 8) to base 12.
-2
-20 (base 12) to base 2
-11000
4 (base 13) to base 12
4
Convert 101000 (base 2) to base 9.
44
What is -20 (base 15) in base 4?
-132
6 (base 10) to base 8
6
Convert 3 (base 14) to base 15.
3
What is 231 (base 4) in base 2?
101101
What is -11 (base 3) in base 2?
-100
What is -2 (base 10) in base 3?
-2
2 (base 13) to base 5
2
48 (base 10) to base 7
66
Convert 2 (base 3) to base 14.
2
Convert 1001 (base 2) to base 15.
9
What is 13 (base 14) in base 7?
23
-5a (base 13) to base 5
-300
1 (base 12) to base 2
1
What is -55 (base 16) in base 8?
-125
2 (base 12) to base 16
2
Convert 5 (base 7) to base 5.
10
What is 220 (base 6) in base 9?
103
Convert -111 (base 2) to base 9.
-7
What is -170 (base 9) in base 5?
-1034
Convert 102 (base 3) to base 6.
15
What is -121 (base 3) in base 10?
-16
What is -210 (base 4) in base 9?
-40
Convert 211 (base 3) to base 9.
24
What is 1 (base 6) in base 3?
1
1 (base 4) to base 7
1
322 (base 4) to base 7
112
Convert -1 (base 16) to base 3.
-1
-2212 (base 3) to base 4
-1031
Convert -30 (base 12) to base 9.
-40
Convert 71 (base 12) to base 14.
61
7 (base 14) to base 12
7
Convert -14 (base 5) to base 2.
-1001
What is 1020 (base 3) in base 12?
29
Convert -43 (base 16) to base 13.
-52
Convert -1330 (base 4) to base 16.
-7c
Convert -29 (base 14) to base 2.
-100101
What is -24 (base 12) in base 10?
-28
Convert -3c (base 13) to base 6.
-123
What is -28 (base 9) in base 15?
-1b
What is d (base 14) in base 2?
1101
Convert -10 (base 5) to base 14.
-5
Convert -3 (base 14) to base 4.
-3
-2 (base 15) to base 3
-2
26 (base 15) to base 4
210
-1 (base 6) to base 16
-1
What is 11 (base 3) in base 10?
4
-197 (base 15) to base 11
-304
2 (base 14) to base 5
2
Convert 9 (base 11) to base 8.
11
25 (base 8) to base 9
23
Convert 151 (base 11) to base 12.
129
Convert 3 (base 7) to base 10.
3
Convert 7 (base 10) to base 2.
111
3 (base 7) to base 14
3
-162 (base 8) to base 5
-424
What is 73 (base 9) in base 14?
4a
Convert -88 (base 11) to base 2.
-1100000
What is 0 (base 6) in base 12?
0
What is -7 (base 10) in base 2?
-111
Convert 1b (base 13) to base 3.
220
Convert -12 (base 13) to base 6.
-23
What is -1 (base 15) in base 5?
-1
What is -29 (base 10) in base 16?
-1d
What is 47 (base 11) in base 8?
63
What is -14 (base 8) in base 7?
-15
Convert 1111 (base 2) to base 7.
21
What is 100 (base 2) in base 9?
4
What is 3 (base 10) in base 9?
3
What is 58 (base 14) in base 12?
66
What is -30 (base 5) in base 6?
-23
-4 (base 16) to base 11
-4
What is -3 (base 9) in base 5?
-3
5 (base 10) to base 8
5
224 (base 6) to base 8
130
What is -10 (base 3) in base 16?
-3
What is -1253 (base 6) in base 10?
-321
What is -a (base 16) in base 8?
-12
What is -33 (base 9) in base 15?
-20
Convert 7 (base 13) to base 5.
12
What is -14 (base 13) in base 14?
-13
-6 (base 16) to base 8
-6
What is 221 (base 6) in base 4?
1111
Convert -10 (base 16) to base 14.
-12
Convert -26 (base 16) to base 14.
-2a
be (base 15) to base 8
263
19 (base 10) to base 2
10011
What is -13 (base 6) in base 13?
-9
-19 (base 16) to base 7
-34
What is -28 (base 11) in base 6?
-50
What is 14b (base 13) in base 8?
350
Convert 277 (base 9) to base 12.
174
Convert 13 (base 4) to base 11.
7
Convert 91 (base 13) to base 8.
166
Convert 4 (base 15) to base 7.
4
What is -4 (base 14) in base 4?
-10
111 (base 13) to base 2
10110111
Convert 0 (base 13) to base 16.
0
Convert 330 (base 6) to base 15.
86
Convert 1 (base 6) to base 7.
1
Convert 78 (base 10) to base 7.
141
-1 (base 2) to base 8
-1
-1212 (base 3) to base 2
-110010
Convert -8 (base 9) to base 16.
-8
-2 (base 16) to base 2
-10
Convert 31 (base 6) to base 16.
13
102 (base 7) to base 11
47
-61 (base 8) to base 12
-41
Convert -e9 (base 15) to base 5.
-1334
1 (base 13) to base 15
1
Convert 11110 (base 2) to base 7.
42
What is 17 (base 10) in base 16?
11
-1dc (base 14) to base 4
-12012
110 (base 7) to base 4
320
What is 4 (base 14) in base 9?
4
-b (base 15) to base 6
-15
What is -12 (base 16) in base 2?
-10010
-1 (base 14) to base 7
-1
Convert 33 (base 4) to base 5.
30
What is 440 (base 5) in base 13?
93
What is -4 (base 14) in base 5?
-4
Convert 3 (base 6) to base 12.
3
-1 (base 7) to base 14
-1
What is -45 (base 15) in base 8?
-101
-44 (base 5) to base 11
-22
-2 (base 16) to base 11
-2
13 (base 11) to base 2
1110
2 (base 6) to base 15
2
-174 (base 11) to base 9
-244
What is 100102 (base 3) in base 5?
2004
1201 (base 3) to base 7
64
What is 32 (base 5) in base 4?
101
-7 (base 8) to base 4
-13
-37 (base 11) to base 2
-101000
315 (base 7) to base 6
423
What is 0 (base 8) in base 3?
0
What is -7 (base 8) in base 2?
-111
What is 64 (base 9) in base 16?
3a
What is 34 (base 5) in base 12?
17
What is 14 (base 6) in base 7?
13
20 (base 15) to base 5
110
-1 (base 14) to base 4
-1
212 (base 7) to base 2
1101011
What is 1 (base 15) in base 11?
1
Convert 25 (base 9) to base 16.
17
3 (base 6) to base 15
3
11 (base 13) to base 8
16
What is -33 (base 4) in base 5?
-30
Convert -8c (base 16) to base 9.
-165
223 (base 5) to base 6
143
Convert 3 (base 11) to base 14.
3
-109 (base 12) to base 9
-180
What is 1 (base 15) in base 4?
1
-2 (base 11) to base 2
-10
What is -123 (base 5) in base 16?
-26
-150 (base 6) to base 3
-2110
Convert 5 (base 7) to base 9.
5
Convert -3 (base 4) to base 13.
-3
331 (base 5) to base 6
231
Convert 3 (base 9) to base 2.
11
1 (base 4) to base 13
1
What is 14 (base 10) in base 4?
32
Convert -221 (base 4) to base 3.
-1112
5 (base 9) to base 6
5
What is 0 (base 15) in base 2?
0
-10 (base 16) to base 3
-121
What is 111 (base 2) in base 13?
7
Convert -2 (base 11) to base 7.
-2
-4 (base 6) to base 16
-4
Convert -21 (base 4) to base 7.
-12
Convert 5 (base 6) to base 10.
5
Convert -3 (base 10) to base 2.
-11
Convert -2 (base 12) to base 6.
-2
Convert -60 (base 12) to base 7.
-132
-25 (base 16) to base 7
-52
What is -26 (base 9) in base 7?
-33
-342 (base 6) to base 5
-1014
Convert -4 (base 7) to base 11.
-4
What is -3 (base 8) in base 4?
-3
What is -1000 (base 2) in base 8?
-10
Convert -10 (base 12) to base 13.
-c
-76 (base 13) to base 2
-1100001
Convert -6 (base 7) to base 8.
-6
-8 (base 9) to base 2
-1000
0 (base 6) to base 4
0
What is 5 (base 7) in base 14?
5
What is 46 (base 14) in base 16?
3e
Convert -29 (base 13) to base 7.
-50
Convert -303 (base 5) to base 12.
-66
Convert 4 (base 5) to base 7.
4
Convert 3 (base 16) to base 14.
3
What is 22011 (base 3) in base 14?
11a
Convert 27 (base 15) to base 16.
25
3 (base 7) to base 14
3
Convert -5 (base 9) to base 3.
-12
-47 (base 13) to base 12
-4b
Convert -6 (base 12) to base 4.
-12
-31 (base 16) to base 14
-37
What is 1b (base 15) in base 6?
42
What is 1 (base 4) in base 6?
1
11 (base 2) to base 5
3
What is -b (base 13) in base 4?
-23
What is -13 (base 9) in base 2?
-1100
Convert -12 (base 5) to base 14.
-7
-2 (base 10) to base 14
-2
What is -336 (base 9) in base 15?
-136
-25 (base 12) to base 3
-1002
4 (base 15) to base 8
4
Convert -31 (base 5) to base 3.
-121
Convert 3 (base 4) to base 3.
10
Convert -30 (base 12) to 